3?
1
Calculate the highest common factor of 10 and 255.
5
What is the highest common divisor of 120 and 390?
30
Calculate the greatest common divisor of 2 and 81.
1
Calculate the greatest common divisor of 27 and 15.
3
What is the greatest common factor of 78 and 1194?
6
Calculate the greatest common factor of 117 and 2821.
13
Calculate the greatest common divisor of 5 and 115.
5
Calculate the greatest common divisor of 440 and 10.
10
Calculate the greatest common divisor of 120618 and 18.
18
Calculate the highest common divisor of 760 and 200.
40
Calculate the highest common factor of 40 and 72.
8
Calculate the greatest common divisor of 561 and 33.
33
What is the highest common divisor of 152 and 8344?
8
What is the highest common divisor of 198 and 44?
22
Calculate the greatest common divisor of 2684 and 44.
44
Calculate the highest common divisor of 6 and 432.
6
What is the highest common factor of 21 and 543?
3
What is the highest common factor of 1185 and 15?
15
What is the highest common divisor of 33 and 44?
11
What is the highest common divisor of 24282 and 342?
342
What is the greatest common divisor of 76 and 9937?
19
Calculate the highest common divisor of 40 and 64.
8
What is the highest common factor of 393 and 1048?
131
Calculate the greatest common factor of 385 and 440.
55
Calculate the highest common factor of 125 and 400.
25
Calculate the greatest common divisor of 12 and 762.
6
Calculate the greatest common factor of 338 and 234.
26
What is the highest common factor of 15111 and 27?
9
Calculate the highest common divisor of 96 and 120.
24
What is the greatest common divisor of 6358 and 44?
22
What is the greatest common divisor of 36 and 54?
18
What is the highest common factor of 1057 and 21?
7
What is the greatest common divisor of 207 and 92?
23
What is the greatest common divisor of 61 and 61?
61
What is the greatest common divisor of 8 and 2216?
8
What is the greatest common divisor of 40 and 184?
8
Calculate the greatest common factor of 1116 and 155.
31
Calculate the greatest common divisor of 141 and 564.
141
Calculate the greatest common divisor of 8154 and 54.
54
What is the greatest common factor of 66 and 9042?
66
What is the highest common factor of 5 and 15735?
5
What is the highest common factor of 35014 and 123?
41
What is the greatest common factor of 686 and 98?
98
Calculate the greatest common divisor of 5 and 1135.
5
Calculate the greatest common factor of 13188 and 168.
84
What is the highest common divisor of 649 and 880?
11
What is the greatest common divisor of 133 and 91?
7
Calculate the greatest common factor of 88 and 27764.
44
What is the highest common factor of 105 and 165?
15
Calculate the highest common factor of 1805 and 95.
95
Calculate the highest common factor of 30 and 2010.
30
What is the highest common factor of 675 and 90?
45
Calculate the highest common factor of 153 and 1521.
9
What is the greatest common factor of 46215 and 79?
79
What is the highest common factor of 84 and 406?
14
What is the greatest common divisor of 20 and 32?
4
Calculate the highest common divisor of 149 and 9.
1
What is the greatest common factor of 1981 and 21?
7
What is the greatest common factor of 405 and 12798?
81
What is the greatest common factor of 112 and 16?
16
Calculate the highest common factor of 32 and 544.
32
What is the highest common factor of 16 and 7376?
16
What is the highest common factor of 25 and 50?
25
What is the greatest common factor of 176 and 11?
11
What is the greatest common divisor of 98 and 70?
14
Calculate the greatest common divisor of 182 and 56.
14
What is the greatest common divisor of 48 and 208?
16
What is the highest common divisor of 335 and 2747?
67
What is the highest common divisor of 4814 and 29?
29
What is the greatest common divisor of 69 and 246?
3
Calculate the greatest common factor of 50 and 200.
50
Calculate the greatest common divisor of 26 and 8.
2
Calculate the greatest common divisor of 1073 and 37.
37
What is the greatest common factor of 112 and 16?
16
What is the greatest common factor of 23765 and 105?
35
Calculate the greatest common divisor of 2968 and 336.
56
What is the greatest common factor of 32 and 20?
4
What is the highest common divisor of 56536 and 37?
37
Calculate the greatest common factor of 77 and 14.
7
Calculate the highest common divisor of 24 and 512.
8
Calculate the highest common divisor of 336 and 80.
16
What is the highest common factor of 672 and 21?
21
Calculate the highest common factor of 756 and 700.
28
Calculate the highest common factor of 4991 and 46.
23
Calculate the greatest common factor of 60 and 135.
15
Calculate the highest common divisor of 15568 and 40.
8
What is the greatest common factor of 528 and 928?
16
Calculate the greatest common divisor of 74 and 962.
74
Calculate the greatest common factor of 2772 and 306.
18
Calculate the highest common factor of 19046 and 712.
178
Calculate the greatest common divisor of 32 and 872.
8
What is the highest common factor of 1012 and 138?
46
What is the highest common factor of 180 and 80?
20
Calculate the greatest common factor of 4 and 4.
4
What is the highest common divisor of 504 and 3108?
84
Calculate the greatest common divisor of 1940 and 20.
20
What is the highest common divisor of 318 and 6?
6
Calculate the highest common factor of 32 and 848.
16
What is the greatest common factor of 51 and 2669?
17
Calculate the greatest common factor of 1824 and 437.
19
What is the greatest common factor of 516 and 35862?
258
Calculate the highest common factor of 130 and 80.
10
What is the greatest common divisor of 25200 and 70?
70
What is the greatest common divisor of 17334 and 214?
214
What is the highest common divisor of 128 and 108?
4
What is the highest common factor of 16 and 9704?
8
What is the greatest common divisor of 152 and 19?
19
Calculate the greatest common divisor of 123 and 943.
41
Calculate the highest common divisor of 1196 and 3068.
52
What is the highest common factor of 92 and 6716?
92
Calculate the greatest common divisor of 19245 and 60.
15
Calculate the greatest common factor of 77 and 209.
11
What is the greatest common divisor of 100 and 260?
20
Calculate the greatest common divisor of 1512 and 2376.
216
Calculate the greatest common factor of 341 and 186.
31
Calculate the greatest common divisor of 60 and 255.
15
What is the highest common divisor of 11 and 4972?
11
What is the highest common factor of 1479 and 52751?
493
Calculate the highest common factor of 19 and 1159.
19
What is the highest common divisor of 3839 and 33?
11
Calculate the greatest common factor of 9 and 162.
9
What is the greatest common divisor of 473 and 44?
11
Calculate the greatest common factor of 100 and 40.
20
What is the highest common factor of 125 and 225?
25
What is the highest common factor of 268 and 36?
4
What is the greatest common divisor of 170 and 21845?
85
What is the greatest common divisor of 11 and 3839?
11
Calculate the greatest common factor of 72 and 32.
8
Calculate the highest common divisor of 2925 and 9.
9
What is the greatest common factor of 798 and 1026?
114
What is the greatest common divisor of 73 and 4453?
73
Calculate the greatest common divisor of 72566 and 26.
26
What is the greatest common divisor of 341 and 22?
11
What is the greatest common divisor of 86 and 3698?
86
What is the highest common divisor of 384 and 48?
48
Calculate the highest common factor of 88 and 275.
11
What is the greatest common factor of 67798 and 218?
218
What is the highest common factor of 24 and 72?
24
What is the greatest common divisor of 216 and 156?
12
Calculate the highest common factor of 96 and 888.
24
What is the greatest common factor of 12208 and 109?
109
Calculate the highest common factor of 82 and 17097.
41
What is the greatest common divisor of 357 and 84?
21
What is the highest common divisor of 143 and 44?
11
Calculate the highest common factor of 22002 and 228.
114
What is the greatest common divisor of 3972 and 84?
12
Calculate the greatest common factor of 160 and 290.
10
What is the highest common factor of 1 and 4?
1
Calculate the greatest common divisor of 77 and 77.
77
Calculate the greatest common factor of 1352 and 104.
104
What i